{"id":7,"date":"2018-05-12T22:48:57","date_gmt":"2018-05-12T22:48:57","guid":{"rendered":"https:\/\/funeralesalmendral.cl\/SanFelipeAconcagua\/?page_id=7"},"modified":"2021-08-22T20:35:04","modified_gmt":"2021-08-23T00:35:04","slug":"inicio","status":"publish","type":"page","link":"https:\/\/funeralesalmendral.cl\/SanFelipeAconcagua\/","title":{"rendered":"Atenci\u00f3n 24 horas, 7 d\u00edas de la semana."},"content":{"rendered":"\n<h2 class=\"has-text-color wp-block-heading\" style=\"color:#38622f\">Fono directo: <\/h2>\n\n\n\n<h2 class=\"has-text-color wp-block-heading\" id=\"empresa\" style=\"color:#305f4d\"><em>+56 9<\/em> 877 606 50<\/h2>\n\n\n\n<hr class=\"wp-block-separator is-style-wide\"\/>\n\n\n\n<h3 class=\"has-text-color wp-block-heading\" style=\"color:#2b4524\">Servicios incluye:<\/h3>\n\n\n\n<ul class=\"wp-block-list\"><li>Certificaci\u00f3n Medica<\/li><li>Tr\u00e1mites legales ante registro civil.<\/li><li>Carroza para retiro y traslado del fallecido al lugar de velatorio<\/li><li>Capilla ardiente, el\u00e9ctrica o velones.<\/li><li>Libro de condolencias.<\/li><li>Auto o van de acompa\u00f1amiento.<\/li><li>Tarjetas de condolencias (100)<\/li><\/ul>\n\n\n<h4>Nuestra principal preocupaci\u00f3n, es Seriedad y Prontitud.<\/h4>\n<p><em><span style=\"color: #808080;\">En especial atenci\u00f3n todo nuestro apoyo Profesional, dedicado y nuestra experiencia a su disposici\u00f3n.<\/span><\/em><\/p>\n<p><em><span style=\"color: #808080;\">Atenci\u00f3n 24 horas, 7 d\u00edas de la semana.<\/span><br><\/em><\/p>\n<h4>Siempre comprometidos con las Familias.<\/h4>","protected":false},"excerpt":{"rendered":"<p>Fono directo: +56 9 877 606 50 Servicios incluye: Certificaci\u00f3n Medica Tr\u00e1mites legales ante registro civil. Carroza para retiro y traslado del fallecido al lugar de velatorio Capilla ardiente, el\u00e9ctrica o velones. Libro de condolencias. Auto o van de acompa\u00f1amiento. Tarjetas de condolencias (100) Nuestra principal preocupaci\u00f3n, es Seriedad y [&hellip;]<\/p>\n","protected":false},"author":1,"featured_media":0,"parent":0,"menu_order":0,"comment_status":"closed","ping_status":"closed","template":"","meta":{"footnotes":""},"class_list":["post-7","page","type-page","status-publish","hentry"],"_links":{"self":[{"href":"https:\/\/funeralesalmendral.cl\/SanFelipeAconcagua\/wp-json\/wp\/v2\/pages\/7","targetHints":{"allow":["GET"]}}],"collection":[{"href":"https:\/\/funeralesalmendral.cl\/SanFelipeAconcagua\/wp-json\/wp\/v2\/pages"}],"about":[{"href":"https:\/\/funeralesalmendral.cl\/SanFelipeAconcagua\/wp-json\/wp\/v2\/types\/page"}],"author":[{"embeddable":true,"href":"https:\/\/funeralesalmendral.cl\/SanFelipeAconcagua\/wp-json\/wp\/v2\/users\/1"}],"replies":[{"embeddable":true,"href":"https:\/\/funeralesalmendral.cl\/SanFelipeAconcagua\/wp-json\/wp\/v2\/comments?post=7"}],"version-history":[{"count":48,"href":"https:\/\/funeralesalmendral.cl\/SanFelipeAconcagua\/wp-json\/wp\/v2\/pages\/7\/revisions"}],"predecessor-version":[{"id":2382,"href":"https:\/\/funeralesalmendral.cl\/SanFelipeAconcagua\/wp-json\/wp\/v2\/pages\/7\/revisions\/2382"}],"wp:attachment":[{"href":"https:\/\/funeralesalmendral.cl\/SanFelipeAconcagua\/wp-json\/wp\/v2\/media?parent=7"}],"curies":[{"name":"wp","href":"https:\/\/api.w.org\/{rel}","templated":true}]}}

Atención 24 horas, 7 días de la semana.

<h2 class="has-text-color wp-block-heading" style="color:#38622f">Fono directo: </h2>



<h2 class="has-text-color wp-block-heading" id="empresa" style="color:#305f4d"><em>+56 9</em> 877 606 50</h2>



<hr class="wp-block-separator is-style-wide"/>



<h3 class="has-text-color wp-block-heading" style="color:#2b4524">Servicios incluye:</h3>



<ul class="wp-block-list"><li>Certificación Medica</li><li>Trámites legales ante registro civil.</li><li>Carroza para retiro y traslado del fallecido al lugar de velatorio</li><li>Capilla ardiente, eléctrica o velones.</li><li>Libro de condolencias.</li><li>Auto o van de acompañamiento.</li><li>Tarjetas de condolencias (100)</li></ul>


<h4>Nuestra principal preocupación, es Seriedad y Prontitud.</h4>
<p><em><span style="color: #808080;">En especial atención todo nuestro apoyo Profesional, dedicado y nuestra experiencia a su disposición.</span></em></p>
<p><em><span style="color: #808080;">Atención 24 horas, 7 días de la semana.</span><br></em></p>
<h4>Siempre comprometidos con las Familias.</h4>

<p>Fono directo: +56 9 877 606 50 Servicios incluye: Certificación Medica Trámites legales ante registro civil. Carroza para retiro y traslado del fallecido al lugar de velatorio Capilla ardiente, eléctrica o velones. Libro de condolencias. Auto o van de acompañamiento. Tarjetas de condolencias (100) Nuestra principal preocupación, es Seriedad y [&hellip;]</p>
